{"id":268,"date":"2016-09-01T16:25:56","date_gmt":"2016-09-01T14:25:56","guid":{"rendered":"http:\/\/www.jterraz.net\/wordpress\/?page_id=268"},"modified":"2017-01-17T16:07:07","modified_gmt":"2017-01-17T15:07:07","slug":"classes-de-1c","status":"publish","type":"page","link":"https:\/\/www.cours-info.ch\/wordpress\/index.php\/classes-de-1c\/","title":{"rendered":"Classes de 1C"},"content":{"rendered":"<hr \/>\n<h3>Excel<\/h3>\n<hr \/>\n<p><strong>Mise en forme<\/strong><br \/>\n<ul class=\"display-posts-listing\"><li class=\"listing-item\"><a class=\"title\" href=\"https:\/\/www.cours-info.ch\/wordpress\/index.php\/2016\/09\/04\/ex-x-mef-01-mise-en-forme-lechiquier\/\">Ex. X.MEF.01 &#8211; Mise en forme : l&rsquo;\u00e9chiquier<\/a><\/li><li class=\"listing-item\"><a class=\"title\" href=\"https:\/\/www.cours-info.ch\/wordpress\/index.php\/2016\/09\/04\/ex-x-mef-02-mise-en-forme-le-champi-mario\/\">Ex. X.MEF.02 &#8211; Mise en forme : le champi Mario<\/a><\/li><li class=\"listing-item\"><a class=\"title\" href=\"https:\/\/www.cours-info.ch\/wordpress\/index.php\/2016\/09\/04\/ex-x-mef-03-lalignement-dans-une-cellule\/\">Ex. X.MEF.03 &#8211; L&rsquo;alignement dans une cellule<\/a><\/li><li class=\"listing-item\"><a class=\"title\" href=\"https:\/\/www.cours-info.ch\/wordpress\/index.php\/2016\/09\/04\/ex-x-mef-04-les-formats-de-nombres\/\">Ex. X.MEF.04 &#8211; Les formats de nombres<\/a><\/li><li class=\"listing-item\"><a class=\"title\" href=\"https:\/\/www.cours-info.ch\/wordpress\/index.php\/2016\/07\/01\/tuto-aligner-le-texte-dans-une-cellule\/\">Tuto &#8211; Aligner le texte dans une cellule<\/a><\/li><li class=\"listing-item\"><a class=\"title\" href=\"https:\/\/www.cours-info.ch\/wordpress\/index.php\/2016\/09\/01\/tuto-appliquer-une-bordure-a-une-cellule\/\">Tuto &#8211; Appliquer une bordure \u00e0 une cellule<\/a><\/li><li class=\"listing-item\"><a class=\"title\" href=\"https:\/\/www.cours-info.ch\/wordpress\/index.php\/2016\/09\/01\/tuto-appliquer-une-couleur-a-une-cellule\/\">Tuto &#8211; Appliquer une couleur \u00e0 une cellule<\/a><\/li><li class=\"listing-item\"><a class=\"title\" href=\"https:\/\/www.cours-info.ch\/wordpress\/index.php\/2016\/09\/01\/tuto-modifier-le-format-de-nombre-dune-cellule\/\">Tuto &#8211; Modifier le format de nombre d&rsquo;une cellule<\/a><\/li><li class=\"listing-item\"><a class=\"title\" href=\"https:\/\/www.cours-info.ch\/wordpress\/index.php\/2016\/09\/01\/tuto-selectionner-des-cellules-non-contigues-avec-cmd\/\">Tuto &#8211; S\u00e9lectionner des cellules non contigu\u00ebs avec CMD<\/a><\/li><li class=\"listing-item\"><a class=\"title\" href=\"https:\/\/www.cours-info.ch\/wordpress\/index.php\/2016\/09\/01\/tuto-selectionner-des-colonnes\/\">Tuto &#8211; S\u00e9lectionner des colonnes<\/a><\/li><li class=\"listing-item\"><a class=\"title\" href=\"https:\/\/www.cours-info.ch\/wordpress\/index.php\/2016\/09\/01\/tuto-selectionner-des-lignes\/\">Tuto &#8211; S\u00e9lectionner des lignes<\/a><\/li><li class=\"listing-item\"><a class=\"title\" href=\"https:\/\/www.cours-info.ch\/wordpress\/index.php\/2016\/09\/01\/tuto-selectionner-une-plage-de-cellules\/\">Tuto &#8211; S\u00e9lectionner une plage de cellules<\/a><\/li><\/ul><\/p>\n<p><strong>Entrer des donn\u00e9es<\/strong><br \/>\n<ul class=\"display-posts-listing\"><li class=\"listing-item\"><a class=\"title\" href=\"https:\/\/www.cours-info.ch\/wordpress\/index.php\/2016\/09\/05\/ex-x-dat-01-creation-de-tableau-incrementation\/\">Ex. X.DAT.01 &#8211; Cr\u00e9ation de tableau, incr\u00e9mentation<\/a><\/li><li class=\"listing-item\"><a class=\"title\" href=\"https:\/\/www.cours-info.ch\/wordpress\/index.php\/2016\/09\/05\/ex-x-dat-02-votre-horaire-de-la-semaine\/\">Ex. X.DAT.02 &#8211; Votre horaire de la semaine<\/a><\/li><li class=\"listing-item\"><a class=\"title\" href=\"https:\/\/www.cours-info.ch\/wordpress\/index.php\/2016\/09\/01\/tuto-fusion-de-cellule\/\">Tuto &#8211; Fusion de cellule<\/a><\/li><li class=\"listing-item\"><a class=\"title\" href=\"https:\/\/www.cours-info.ch\/wordpress\/index.php\/2016\/09\/01\/tuto-incrementation-automatique\/\">Tuto &#8211; Incr\u00e9mentation automatique<\/a><\/li><li class=\"listing-item\"><a class=\"title\" href=\"https:\/\/www.cours-info.ch\/wordpress\/index.php\/2016\/09\/01\/tuto-redimensionner-1-colonne\/\">Tuto &#8211; Redimensionner 1 colonne<\/a><\/li><li class=\"listing-item\"><a class=\"title\" href=\"https:\/\/www.cours-info.ch\/wordpress\/index.php\/2016\/09\/01\/238\/\">Tuto &#8211; Redimensionner 1 ligne<\/a><\/li><li class=\"listing-item\"><a class=\"title\" href=\"https:\/\/www.cours-info.ch\/wordpress\/index.php\/2016\/09\/01\/tuto-redimensionner-des-lignes-et-des-colonnes-a-la-taille-ideale\/\">Tuto &#8211; Redimensionner des lignes et des colonnes \u00e0 la taille \u00ab\u00a0id\u00e9ale\u00a0\u00bb<\/a><\/li><li class=\"listing-item\"><a class=\"title\" href=\"https:\/\/www.cours-info.ch\/wordpress\/index.php\/2016\/09\/01\/tuto-redimensionner-plusieurs-colonnes\/\">Tuto &#8211; Redimensionner plusieurs colonnes<\/a><\/li><li class=\"listing-item\"><a class=\"title\" href=\"https:\/\/www.cours-info.ch\/wordpress\/index.php\/2016\/09\/01\/tuto-redimensionner-plusieurs-lignes\/\">Tuto &#8211; Redimensionner plusieurs lignes<\/a><\/li><\/ul><\/p>\n<p><strong>Formules et fonctions<\/strong><br \/>\n<ul class=\"display-posts-listing\"><li class=\"listing-item\"><a class=\"title\" href=\"https:\/\/www.cours-info.ch\/wordpress\/index.php\/2016\/09\/05\/ex-x-for-01-premieres-formules-operateurs-arithmetiques\/\">Ex. X.FOR.01 &#8211; Premi\u00e8res formules (op\u00e9rateurs arithm\u00e9tiques)<\/a><\/li><li class=\"listing-item\"><a class=\"title\" href=\"https:\/\/www.cours-info.ch\/wordpress\/index.php\/2016\/09\/05\/ex-x-for-02-les-fonctions-de-base\/\">Ex. X.FOR.02 &#8211; Les fonctions de base<\/a><\/li><li class=\"listing-item\"><a class=\"title\" href=\"https:\/\/www.cours-info.ch\/wordpress\/index.php\/2016\/09\/05\/ex-x-for-03-fonctions-a-0-et-1-argument\/\">Ex. X.FOR.03 &#8211; Fonctions \u00e0 0 et 1 argument<\/a><\/li><li class=\"listing-item\"><a class=\"title\" href=\"https:\/\/www.cours-info.ch\/wordpress\/index.php\/2016\/09\/05\/ex-x-for-04-une-fonction-sur-une-plage\/\">Ex. X.FOR.04 &#8211; Une fonction sur une plage<\/a><\/li><li class=\"listing-item\"><a class=\"title\" href=\"https:\/\/www.cours-info.ch\/wordpress\/index.php\/2016\/09\/05\/ex-x-for-05-tableau-de-vos-moyennes-au-gymnase\/\">Ex. X.FOR.05 \u2013 Tableau de vos moyennes au gymnase<\/a><\/li><li class=\"listing-item\"><a class=\"title\" href=\"https:\/\/www.cours-info.ch\/wordpress\/index.php\/2016\/09\/05\/ex-x-for-06-reference-absolue-tva\/\">Ex. X.FOR.06 \u2013 R\u00e9f\u00e9rence absolue (TVA)<\/a><\/li><li class=\"listing-item\"><a class=\"title\" href=\"https:\/\/www.cours-info.ch\/wordpress\/index.php\/2016\/09\/05\/ex-x-for-07-reference-absolue-taux-de-change\/\">Ex. X.FOR.07 \u2013 R\u00e9f\u00e9rence absolue (taux de change)<\/a><\/li><li class=\"listing-item\"><a class=\"title\" href=\"https:\/\/www.cours-info.ch\/wordpress\/index.php\/2016\/09\/05\/ex-x-for-08-references-absolues-croisees-table-de-multiplication\/\">Ex. X.FOR.08 \u2013 R\u00e9f\u00e9rences absolues crois\u00e9es (table de multiplication)<\/a><\/li><li class=\"listing-item\"><a class=\"title\" href=\"https:\/\/www.cours-info.ch\/wordpress\/index.php\/2016\/09\/01\/tuto-fonctions-de-base\/\">Tuto &#8211; Fonctions de base<\/a><\/li><li class=\"listing-item\"><a class=\"title\" href=\"https:\/\/www.cours-info.ch\/wordpress\/index.php\/2016\/09\/01\/tuto-formule\/\">Tuto &#8211; Formule<\/a><\/li><li class=\"listing-item\"><a class=\"title\" href=\"https:\/\/www.cours-info.ch\/wordpress\/index.php\/2016\/09\/01\/tuto-operateurs-arithmetiques\/\">Tuto &#8211; Op\u00e9rateurs arithm\u00e9tiques<\/a><\/li><li class=\"listing-item\"><a class=\"title\" href=\"https:\/\/www.cours-info.ch\/wordpress\/index.php\/2016\/09\/01\/tuto-reference-de-cellule\/\">Tuto &#8211; R\u00e9f\u00e9rence de cellule<\/a><\/li><li class=\"listing-item\"><a class=\"title\" href=\"https:\/\/www.cours-info.ch\/wordpress\/index.php\/2016\/09\/01\/tuto-reference-relative-ou-reference-absolue\/\">Tuto &#8211; R\u00e9f\u00e9rence relative ou r\u00e9f\u00e9rence absolue ($)<\/a><\/li><\/ul><\/p>\n<p><strong>Fonctions logiques<\/strong><br \/>\n<ul class=\"display-posts-listing\"><li class=\"listing-item\"><a class=\"title\" href=\"https:\/\/www.cours-info.ch\/wordpress\/index.php\/2016\/09\/05\/ex-x-fol-01-le-club-du-3e-age\/\">Ex. X.FOL.01 \u2013 Le club du 3e \u00e2ge<\/a><\/li><li class=\"listing-item\"><a class=\"title\" href=\"https:\/\/www.cours-info.ch\/wordpress\/index.php\/2016\/09\/05\/ex-x-fol-02-compter-des-cellules\/\">Ex. X.FOL.02 \u2013 Compter des cellules<\/a><\/li><li class=\"listing-item\"><a class=\"title\" href=\"https:\/\/www.cours-info.ch\/wordpress\/index.php\/2016\/09\/05\/ex-x-fol-03-classement-dequipes\/\">Ex. X.FOL.03 \u2013 Classement d&rsquo;\u00e9quipes<\/a><\/li><li class=\"listing-item\"><a class=\"title\" href=\"https:\/\/www.cours-info.ch\/wordpress\/index.php\/2016\/09\/05\/ex-x-fol-04-imbrication-de-si\/\">Ex. X.FOL.04 \u2013 Imbrication de SI<\/a><\/li><\/ul><\/p>\n<p><strong>Mise en page<\/strong><br \/>\n<ul class=\"display-posts-listing\"><li class=\"listing-item\"><a class=\"title\" href=\"https:\/\/www.cours-info.ch\/wordpress\/index.php\/2016\/09\/05\/ex-x-mep-01-mise-en-page-et-impression\/\">Ex. X.MEP.01 \u2013 Mise en page et impression<\/a><\/li><li class=\"listing-item\"><a class=\"title\" href=\"https:\/\/www.cours-info.ch\/wordpress\/index.php\/2016\/09\/05\/ex-x-mep-02-toujours-de-limpression-votre-horaire\/\">Ex. X.MEP.02 \u2013 Toujours de l&rsquo;impression ! (votre horaire)<\/a><\/li><li class=\"listing-item\"><a class=\"title\" href=\"https:\/\/www.cours-info.ch\/wordpress\/index.php\/2016\/09\/01\/tuto-apercu-avant-impression\/\">Tuto &#8211; Aper\u00e7u avant impression<\/a><\/li><li class=\"listing-item\"><a class=\"title\" href=\"https:\/\/www.cours-info.ch\/wordpress\/index.php\/2016\/09\/01\/tuto-centrer-limpression-sur-la-page\/\">Tuto &#8211; Centrer l&rsquo;impression sur la page<\/a><\/li><li class=\"listing-item\"><a class=\"title\" href=\"https:\/\/www.cours-info.ch\/wordpress\/index.php\/2016\/09\/01\/tuto-enregistrer-en-pdf\/\">Tuto &#8211; Enregistrer en PDF<\/a><\/li><li class=\"listing-item\"><a class=\"title\" href=\"https:\/\/www.cours-info.ch\/wordpress\/index.php\/2016\/09\/01\/tuto-impression-rapide\/\">Tuto &#8211; Impression rapide<\/a><\/li><li class=\"listing-item\"><a class=\"title\" href=\"https:\/\/www.cours-info.ch\/wordpress\/index.php\/2016\/09\/01\/tuto-mise-a-lechelle-pour-limpression\/\">Tuto &#8211; Mise \u00e0 l&rsquo;\u00e9chelle pour l&rsquo;impression<\/a><\/li><li class=\"listing-item\"><a class=\"title\" href=\"https:\/\/www.cours-info.ch\/wordpress\/index.php\/2016\/08\/01\/tuto-modifier-lorientation-de-la-page\/\">Tuto \u2013 Modifier l&rsquo;orientation de la page<\/a><\/li><li class=\"listing-item\"><a class=\"title\" href=\"https:\/\/www.cours-info.ch\/wordpress\/index.php\/2016\/08\/01\/tuto-modifier-les-marges-dun-document\/\">Tuto \u2013 Modifier les marges d&rsquo;un document<\/a><\/li><\/ul><\/p>\n<p><strong>Filtrer et trier des donn\u00e9es<\/strong><br \/>\n<ul class=\"display-posts-listing\"><li class=\"listing-item\"><a class=\"title\" href=\"https:\/\/www.cours-info.ch\/wordpress\/index.php\/2016\/09\/05\/ex-x-tri-01-6-semaines-de-vacances-par-annee\/\">Ex. X.TRI.01 \u2013 6 semaines de vacances par ann\u00e9e<\/a><\/li><\/ul><\/p>\n<p><strong>Graphiques<\/strong><br \/>\n<ul class=\"display-posts-listing\"><li class=\"listing-item\"><a class=\"title\" href=\"https:\/\/www.cours-info.ch\/wordpress\/index.php\/2016\/09\/05\/ex-x-tri-01-6-semaines-de-vacances-par-annee\/\">Ex. X.TRI.01 \u2013 6 semaines de vacances par ann\u00e9e<\/a><\/li><\/ul><\/p>\n","protected":false},"excerpt":{"rendered":"<p>Excel <a href=\"https:\/\/www.cours-info.ch\/wordpress\/index.php\/2016\/09\/05\/ex-x-tri-01-6-semaines-de-vacances-par-annee\/\" class=\"read-more\">Cliquez pour voir la suite<\/a><\/p>\n","protected":false},"author":2,"featured_media":0,"parent":0,"menu_order":0,"comment_status":"closed","ping_status":"closed","template":"","meta":{"footnotes":""},"class_list":["post-268","page","type-page","status-publish","hentry"],"_links":{"self":[{"href":"https:\/\/www.cours-info.ch\/wordpress\/index.php\/wp-json\/wp\/v2\/pages\/268","targetHints":{"allow":["GET"]}}],"collection":[{"href":"https:\/\/www.cours-info.ch\/wordpress\/index.php\/wp-json\/wp\/v2\/pages"}],"about":[{"href":"https:\/\/www.cours-info.ch\/wordpress\/index.php\/wp-json\/wp\/v2\/types\/page"}],"author":[{"embeddable":true,"href":"https:\/\/www.cours-info.ch\/wordpress\/index.php\/wp-json\/wp\/v2\/users\/2"}],"replies":[{"embeddable":true,"href":"https:\/\/www.cours-info.ch\/wordpress\/index.php\/wp-json\/wp\/v2\/comments?post=268"}],"version-history":[{"count":4,"href":"https:\/\/www.cours-info.ch\/wordpress\/index.php\/wp-json\/wp\/v2\/pages\/268\/revisions"}],"predecessor-version":[{"id":668,"href":"https:\/\/www.cours-info.ch\/wordpress\/index.php\/wp-json\/wp\/v2\/pages\/268\/revisions\/668"}],"wp:attachment":[{"href":"https:\/\/www.cours-info.ch\/wordpress\/index.php\/wp-json\/wp\/v2\/media?parent=268"}],"curies":[{"name":"wp","href":"https:\/\/api.w.org\/{rel}","templated":true}]}}