{"id":300,"date":"2016-09-01T17:35:27","date_gmt":"2016-09-01T15:35:27","guid":{"rendered":"http:\/\/www.jterraz.net\/wordpress\/?page_id=300"},"modified":"2020-04-08T16:46:49","modified_gmt":"2020-04-08T14:46:49","slug":"accueil","status":"publish","type":"page","link":"https:\/\/www.cours-info.ch\/wordpress\/","title":{"rendered":"Accueil"},"content":{"rendered":"<p>Bienvenue sur le site cours-info. Le premier but de ce site est de mettre \u00e0 disposition des ressources et des exercices pour mes \u00e9l\u00e8ves du gymnase de Beaulieu, mais j&rsquo;ai fait le choix de le laisser disponible sur Internet.<\/p>\n<p>Les exercices et surtout les tutoriels sont bas\u00e9s sur Office pour Mac, entre les versions 2011 et 2019 (mise \u00e0 niveau globale en cours).<\/p>\n<p>La progression dans les exercices est accompagn\u00e9e de liens qui expliquent comment r\u00e9aliser les diff\u00e9rentes op\u00e9rations et devrait permettre une progression autonome.<\/p>\n<p>Si vous \u00eates \u00e9l\u00e8ve au gymnase, vous pouvez consulter les cours par cursus en choisissant ensuite le v\u00f4tre. Si vous \u00eates un passant arriv\u00e9 ici par hasard, vous pouvez consulter les cours par logiciel.<\/p>\n<p>Si vous \u00eates enseignant ou formateur, vous pouvez aller sur <a href=\"\/index.php\/droits\" target=\"_blank\" rel=\"noopener noreferrer\">la page A\u00a0propos<\/a>\u00a0qui vous indique sous quelles conditions vous pouvez r\u00e9utiliser ce que je mets ici \u00e0 disposition.<\/p>\n","protected":false},"excerpt":{"rendered":"<p>Bienvenue <a href=\"https:\/\/www.cours-info.ch\/wordpress\/\" class=\"read-more\">Cliquez pour voir la suite<\/a><\/p>\n","protected":false},"author":2,"featured_media":0,"parent":0,"menu_order":0,"comment_status":"closed","ping_status":"closed","template":"","meta":{"footnotes":""},"class_list":["post-300","page","type-page","status-publish","hentry"],"_links":{"self":[{"href":"https:\/\/www.cours-info.ch\/wordpress\/index.php\/wp-json\/wp\/v2\/pages\/300","targetHints":{"allow":["GET"]}}],"collection":[{"href":"https:\/\/www.cours-info.ch\/wordpress\/index.php\/wp-json\/wp\/v2\/pages"}],"about":[{"href":"https:\/\/www.cours-info.ch\/wordpress\/index.php\/wp-json\/wp\/v2\/types\/page"}],"author":[{"embeddable":true,"href":"https:\/\/www.cours-info.ch\/wordpress\/index.php\/wp-json\/wp\/v2\/users\/2"}],"replies":[{"embeddable":true,"href":"https:\/\/www.cours-info.ch\/wordpress\/index.php\/wp-json\/wp\/v2\/comments?post=300"}],"version-history":[{"count":4,"href":"https:\/\/www.cours-info.ch\/wordpress\/index.php\/wp-json\/wp\/v2\/pages\/300\/revisions"}],"predecessor-version":[{"id":1569,"href":"https:\/\/www.cours-info.ch\/wordpress\/index.php\/wp-json\/wp\/v2\/pages\/300\/revisions\/1569"}],"wp:attachment":[{"href":"https:\/\/www.cours-info.ch\/wordpress\/index.php\/wp-json\/wp\/v2\/media?parent=300"}],"curies":[{"name":"wp","href":"https:\/\/api.w.org\/{rel}","templated":true}]}}